{"id":1780,"date":"2012-08-31T09:27:45","date_gmt":"2012-08-31T07:27:45","guid":{"rendered":"http:\/\/sha.univ-poitiers.fr\/philo\/formations\/master-philosophie-parcours-professionnel-mediation-et-modele-de-developpement\/presentation-generale-du-parcours-professionnel\/"},"modified":"2019-07-17T15:07:02","modified_gmt":"2019-07-17T13:07:02","slug":"presentation-generale","status":"publish","type":"page","link":"https:\/\/sha.univ-poitiers.fr\/philo\/master-de-philosophie\/master-de-philosophie-parcours-mediations-et-societe\/presentation-generale\/","title":{"rendered":"Pr\u00e9sentation g\u00e9n\u00e9rale du parcours \u00ab\u00a0M\u00e9diations et soci\u00e9t\u00e9\u00a0\u00bb"},"content":{"rendered":"","protected":false},"excerpt":{"rendered":"","protected":false},"author":5,"featured_media":0,"parent":1765,"menu_order":0,"comment_status":"closed","ping_status":"closed","template":"","meta":{"_relevanssi_hide_post":"","_relevanssi_hide_content":"","_relevanssi_pin_for_all":"","_relevanssi_pin_keywords":"","_relevanssi_unpin_keywords":"","_relevanssi_related_keywords":"","_relevanssi_related_include_ids":"","_relevanssi_related_exclude_ids":"","_relevanssi_related_no_append":"","_relevanssi_related_not_related":"","_relevanssi_related_posts":"","_relevanssi_noindex_reason":""},"acf":[],"_links":{"self":[{"href":"https:\/\/sha.univ-poitiers.fr\/philo\/wp-json\/wp\/v2\/pages\/1780"}],"collection":[{"href":"https:\/\/sha.univ-poitiers.fr\/philo\/wp-json\/wp\/v2\/pages"}],"about":[{"href":"https:\/\/sha.univ-poitiers.fr\/philo\/wp-json\/wp\/v2\/types\/page"}],"author":[{"embeddable":true,"href":"https:\/\/sha.univ-poitiers.fr\/philo\/wp-json\/wp\/v2\/users\/5"}],"replies":[{"embeddable":true,"href":"https:\/\/sha.univ-poitiers.fr\/philo\/wp-json\/wp\/v2\/comments?post=1780"}],"version-history":[{"count":3,"href":"https:\/\/sha.univ-poitiers.fr\/philo\/wp-json\/wp\/v2\/pages\/1780\/revisions"}],"predecessor-version":[{"id":2667,"href":"https:\/\/sha.univ-poitiers.fr\/philo\/wp-json\/wp\/v2\/pages\/1780\/revisions\/2667"}],"up":[{"embeddable":true,"href":"https:\/\/sha.univ-poitiers.fr\/philo\/wp-json\/wp\/v2\/pages\/1765"}],"wp:attachment":[{"href":"https:\/\/sha.univ-poitiers.fr\/philo\/wp-json\/wp\/v2\/media?parent=1780"}],"curies":[{"name":"wp","href":"https:\/\/api.w.org\/{rel}","templated":true}]}}